{"id":1618,"date":"2017-04-11T10:36:50","date_gmt":"2017-04-11T14:36:50","guid":{"rendered":"http:\/\/chinaeam.uottawa.ca\/ICCASU\/?page_id=1618"},"modified":"2017-11-24T20:46:04","modified_gmt":"2017-11-25T01:46:04","slug":"supporting-partners-2","status":"publish","type":"page","link":"https:\/\/icccasu2017.org\/?page_id=1618","title":{"rendered":"."},"content":{"rendered":"<p style=\"text-align: center; font-size: 28pt;\"><strong>Supporting Partners<\/strong><\/p>\n<p dir=\"LTR\" align=\"LEFT\"><a href=\"https:\/\/www.ulaval.ca\/en.html\"><span lang=\"EN-CA\">Universit\u00e9 Laval<\/span><\/a><span style=\"color: #333333;\"><span lang=\"EN-CA\"> (Canada)<\/span><\/span><\/p>\n<p dir=\"LTR\" align=\"LEFT\"><a href=\"http:\/\/munkschool.utoronto.ca\/\"><span lang=\"EN\">Munk School, University of Toronto<\/span><\/a><span style=\"color: #333333;\"><span lang=\"EN\"> (Canada)<\/span><\/span><\/p>\n<p dir=\"LTR\" align=\"LEFT\"><a href=\"http:\/\/resaud.net\/\"><span lang=\"FR-CA\">RESAUD\u00a0network (R\u00c9SEAU d\u2019\u00e9changes start\u00e9giques pour une afrique urbaine durable), Universit\u00e9 de Montr\u00e9al<\/span><\/a><span style=\"color: #333333;\"><span lang=\"FR-CA\"> (Canada)<\/span><\/span><\/p>\n<p dir=\"LTR\" align=\"LEFT\"><a href=\"http:\/\/observatoire-ivanhoe-cambridge.umontreal.ca\/\"><span lang=\"FR-CA\">L\u2019Observatoire Ivanho\u00e9 Cambridge du d\u00e9veloppement urbain et immobilier<\/span><\/a><span style=\"color: #333333;\"><span lang=\"FR-CA\">\/ <\/span><\/span><a href=\"http:\/\/observatoire-ivanhoe-cambridge.umontreal.ca\/index.php\/en\/\"><span lang=\"FR-CA\">Observatoire-Ivanhoe-Cambridge, University of Montreal <\/span><\/a><span style=\"color: #333333;\"><span lang=\"FR-CA\"> (Canada)<\/span><\/span><\/p>\n<p dir=\"LTR\" align=\"LEFT\"><a href=\"http:\/\/socialsciences.uottawa.ca\/international-development-global-studies\/\"><span lang=\"EN\">School of International Development and Global Studies, University of Ottawa <\/span><\/a><span style=\"color: #333333;\"><span lang=\"EN\">(Canada)<\/span><\/span><\/p>\n<p dir=\"LTR\" align=\"LEFT\"><a href=\"https:\/\/carleton.ca\/architecture\/\"><span lang=\"EN-CA\">Azrieli School of Architecture\u3000&amp; Urbanism, Carleton University<\/span><\/a> <span style=\"color: #333333;\"><span lang=\"EN\">(Canada)<\/span><\/span><\/p>\n<p dir=\"LTR\" align=\"LEFT\"><a href=\"https:\/\/carleton.ca\/africanstudies\/\"><span lang=\"EN\">Institute of African Studies, Carleton University<\/span><\/a> <span style=\"color: #333333;\"><span lang=\"EN\">(Canada)<\/span><\/span><\/p>\n<p dir=\"LTR\" align=\"LEFT\"><a href=\"http:\/\/www.arch.tsinghua.edu.cn\/eng\"><span lang=\"EN\">School of Architecture, Tsinghua University<\/span><\/a><span style=\"color: #333333;\"><span lang=\"EN\"> \/ <\/span><\/span><span lang=\"ZH-CN\" style=\"color: #333333; font-family: SimSun,\u00cb\u00ce\u00cc\u00e5;\">\u6e05\u534e\u5927\u5b66\u5efa\u7b51\u5b66\u9662<\/span><span style=\"color: #333333;\"> (China)<\/span><\/p>\n<p dir=\"LTR\" align=\"LEFT\"><a href=\"http:\/\/www.ccea.zju.edu.cn\/\"><span lang=\"EN\">College of Civil Engineering and Architecture, Zhejiang University<\/span><\/a><span style=\"color: #333333;\"><span lang=\"EN\"> \/<\/span><\/span><span lang=\"ZH-CN\" style=\"color: #333333; font-family: SimSun,\u00cb\u00ce\u00cc\u00e5;\">\u6d59\u6c5f\u5927\u5b66\u5efa\u7b51\u5de5\u7a0b\u5b66\u9662<\/span><span style=\"color: #333333;\"> (China)<\/span><\/p>\n<p dir=\"LTR\" align=\"LEFT\"><a href=\"http:\/\/icee.xmu.edu.cn\/\"><span lang=\"EN\">College of the Environment &amp; Ecology (CEE), Xiamen University<\/span><\/a><span style=\"color: #333333;\"><span lang=\"EN\"> \/ <\/span><\/span><span lang=\"ZH-CN\" style=\"color: #333333; font-family: SimSun,\u00cb\u00ce\u00cc\u00e5;\">\u53a6\u95e8\u5927\u5b66\u73af\u5883\u751f\u6001\u5b66\u9662<\/span><span style=\"color: #333333;\"> (China)<\/span><\/p>\n<p dir=\"LTR\" align=\"LEFT\"><a href=\"http:\/\/arch.seu.edu.cn\/en\/home\/index.php\"><span lang=\"EN\">School of Architecture, Southeast University<\/span><\/a><span style=\"color: #333333;\"><span lang=\"EN\"> \/ <\/span><\/span><span lang=\"ZH-CN\" style=\"color: #333333; font-family: SimSun,\u00cb\u00ce\u00cc\u00e5;\">\u4e1c\u5357\u5927\u5b66\u57ce\u4e61\u89c4\u5212\u4e0e\u7ecf\u6d4e\u793e\u4f1a\u53d1\u5c55\u7814\u7a76\u4e2d\u5fc3<\/span><span style=\"color: #333333;\"> (China)<\/span><\/p>\n<p dir=\"LTR\" align=\"LEFT\"><a href=\"http:\/\/ias.zjnu.cn\/iasen\/main.htm\"><span lang=\"EN\">Institute of African Studies, Zhejiang Normal University<\/span><\/a><span style=\"color: #333333;\"><span lang=\"EN\"> \/ <\/span><\/span><span lang=\"ZH-CN\" style=\"color: #333333; font-family: SimSun,\u00cb\u00ce\u00cc\u00e5;\">\u6d59\u6c5f\u5e08\u8303\u5927\u5b66\u975e\u6d32\u7814\u7a76\u9662<\/span><span style=\"color: #333333;\"> (China)<\/span><\/p>\n<p dir=\"LTR\" align=\"LEFT\"><a href=\"http:\/\/www.dw.angonet.org\/\"><span lang=\"FR-CA\">Development Workshop (DW)<\/span><\/a> <span style=\"color: #333333;\"><span lang=\"FR-CA\">(Angola)<\/span><\/span><\/p>\n<p dir=\"LTR\" align=\"LEFT\"><a href=\"http:\/\/www.paidafrica.org\/\"><span lang=\"EN\">PAID &#8211; Pan African Institute for Development<\/span><\/a><span style=\"color: #333333;\"><span lang=\"EN\"> (Switzerland)<\/span><\/span><\/p>\n<p dir=\"LTR\" align=\"LEFT\"><a href=\"http:\/\/www.chinaeam.uottawa.ca\/chinanet\/home.html\"><span lang=\"EN\">Canadian China Thinking<\/span><\/a><span style=\"color: #333333;\"><span lang=\"EN\"> \/ <\/span><\/span><span lang=\"ZH-CN\" style=\"color: #333333; font-family: SimSun,\u00cb\u00ce\u00cc\u00e5;\">\u52a0\u62ff\u5927\u4e2d\u56fd\u667a\u5e93<\/span><span style=\"color: #333333;\"> (Canada)<\/span><\/p>\n<p>&nbsp;<\/p>\n<p>&nbsp;<\/p>\n<p>&nbsp;<\/p>\n<p>&nbsp;<\/p>\n<p>&nbsp;<\/p>\n<p>&nbsp;<\/p>\n<p>&nbsp;<\/p>\n","protected":false},"excerpt":{"rendered":"<p>Supporting Partners Universit\u00e9 Laval (Canada) Munk School, University of Toronto (Canada) RESAUD\u00a0network (R\u00c9SEAU d\u2019\u00e9changes start\u00e9giques pour une afrique urbaine durable), Universit\u00e9 de Montr\u00e9al (Canada) L\u2019Observatoire Ivanho\u00e9 Cambridge du d\u00e9veloppement urbain et immobilier\/ Observatoire-Ivanhoe-Cambridge, University of Montreal (Canada) School of International Development and Global Studies, University of Ottawa (Canada) Azrieli School of Architecture\u3000&amp; Urbanism, Carleton University [&hellip;]<\/p>\n","protected":false},"author":1,"featured_media":0,"parent":11,"menu_order":0,"comment_status":"closed","ping_status":"closed","template":"","meta":{"footnotes":""},"class_list":["post-1618","page","type-page","status-publish","hentry"],"_links":{"self":[{"href":"https:\/\/icccasu2017.org\/index.php?rest_route=\/wp\/v2\/pages\/1618","targetHints":{"allow":["GET"]}}],"collection":[{"href":"https:\/\/icccasu2017.org\/index.php?rest_route=\/wp\/v2\/pages"}],"about":[{"href":"https:\/\/icccasu2017.org\/index.php?rest_route=\/wp\/v2\/types\/page"}],"author":[{"embeddable":true,"href":"https:\/\/icccasu2017.org\/index.php?rest_route=\/wp\/v2\/users\/1"}],"replies":[{"embeddable":true,"href":"https:\/\/icccasu2017.org\/index.php?rest_route=%2Fwp%2Fv2%2Fcomments&post=1618"}],"version-history":[{"count":31,"href":"https:\/\/icccasu2017.org\/index.php?rest_route=\/wp\/v2\/pages\/1618\/revisions"}],"predecessor-version":[{"id":2570,"href":"https:\/\/icccasu2017.org\/index.php?rest_route=\/wp\/v2\/pages\/1618\/revisions\/2570"}],"up":[{"embeddable":true,"href":"https:\/\/icccasu2017.org\/index.php?rest_route=\/wp\/v2\/pages\/11"}],"wp:attachment":[{"href":"https:\/\/icccasu2017.org\/index.php?rest_route=%2Fwp%2Fv2%2Fmedia&parent=1618"}],"curies":[{"name":"wp","href":"https:\/\/api.w.org\/{rel}","templated":true}]}}